 is the remainder when (-784)/(-10) + (-358)/895 is divided by w(-11)?
9
What is the remainder when (-21626)/(-77)*(-42)/(-12) is divided by 8*2/4*261/36?
26
Suppose 2*g + 3*f + 144 = 363, 0 = -5*g - f + 541. Calculate the remainder when 1090 is divided by g.
10
Calculate the remainder when 13 - (-12 - 408/(-16)) - (-347)/2 is divided by 1 - (0/3 - 19).
13
Suppose -f = 12*v - 13*v + 1, -2*f + 5*v - 8 = 0. Calculate the remainder when 22 is divided by f + 4 + -7 + 7 + 1.
4
Suppose 4*v = r + 1284, -19*v - 5*r = -14*v - 1605. Calculate the remainder when v is divided by 108.
105
Let q(o) = -o**3 + 57*o**2 - 657*o + 56. Calculate the remainder when 267 is divided by q(41).
12
Suppose 0 = -4*i + 3*g + 3493, 0 = -6*i + 5*i - g + 882. Calculate the remainder when i is divided by 176.
173
Suppose t = 3*q + 201, 2*q + 2*t + 117 + 25 = 0. Calculate the remainder when 51 + 2 + (2 - 5) is divided by q/2*2/(-4).
16
Let q(u) = u**3 - 7*u**2 - 6*u - 10. Let y be q(9). Suppose -9*b - 8 + y = 0. Suppose -b*v = -6*v - 4. What is the remainder when 4 is divided by v?
0
What is the remainder when 1259 is divided by 2/(-6) + 1702/111?
14
Let g be 3/(-3 - -15) - (-695)/20. Let d = g - 38. What is the remainder when 9 is divided by 5 - ((-6)/d + -1)?
1
Let c(u) = u**3 - 11*u**2 - 10*u - 12. Let a be c(12). Suppose -7*n + 6*n - 2*j + a = 0, 0 = 2*j + 2. Calculate the remainder when 54 is divided by n.
12
Let u be (4/5)/((-10)/(-25)). Suppose -u*f + f = -2*m - 46, 5*f - m - 239 = 0. Calculate the remainder when 159 is divided by f.
15
Suppose 3*q = 5*z + 1064, 0 = 2*z + 3 + 5. Let a = -304 + q. Calculate the remainder when 168 is divided by a.
36
Let u(t) = 4*t**2 - 20*t + 10. Calculate the remainder when u(7) is divided by 41.
25
Calculate the remainder when 156 is divided by (3/(-1) - -35) + -13.
4
Suppose -14*b = 4*b + 21*b - 1482. Calculate the remainder when 92 is divided by b.
16
Let x = 64 + -60. Suppose x*i = -i + 40. Suppose 4*g = 3*t + 237, g - 2*t + i - 61 = 0. Calculate the remainder when g is divided by 13.
11
Suppose -97*u - 627 = -1791. Calculate the remainder when u is divided by 9.
3
Let b(i) = -i**3 + 17*i**2 + 45. Let d be b(17). Suppose d*o - 47*o + 138 = 0. What is the remainder when o is divided by 15?
9
Let z be (129/86)/(-1 + 34/28). Suppose z*l - 154 = 196. Calculate the remainder when l is divided by 40.
10
Suppose -n + 2*j = 4*n - 95, 0 = -4*n + 2*j + 78. Calculate the remainder when (-72)/192 - 267/(-8) is divided by n.
16
Let f be (1 + 0 - -3) + -59. Let w = -30 - f. Let i(c) = -26*c + 256. What is the remainder when i(8) is divided by w?
23
Let z = -3141 - -3214. Suppose -15*o = -494 - 61. What is the remainder when z is divided by o?
36
Let d(i) = -i**3 - 2*i**2 + 4*i + 8. Let r be d(-3). Let f(s) = s**3 + 9*s**2 - 28*s - 4. What is the remainder when f(r) is divided by 54?
44
Let x = 66 - 40. Let t(w) = 10*w**2 - 17*w - 68. Let k be t(-4). Let q = k - x. Calculate the remainder when q is divided by 17.
15
Let w = -3150 - -5072. What is the remainder when w is divided by 74?
72
Let z(q) = -15*q**2 - 18*q + 79. Let n be z(4). Let d = -1206 - -861. Let o = n - d. What is the remainder when o is divided by 30?
22
Suppose 17*l + 45 = 2*l. Calculate the remainder when ((-12)/(-8))/(1/118) is divided by l/((-135)/828) - 2/5.
15
Suppose -105*w + 100375 = 20*w. Calculate the remainder when w is divided by 118.
95
Suppose -21720 - 18715 = -331*j - 3032. What is the remainder when 324 is divided by j?
98
Let o = -9197 - -9218. Let f(n) = -4*n - 6. Suppose -5*x - 2 - 18 = 0. What is the remainder when o is divided by f(x)?
1
Let f be ((-3)/(-2))/(2/(-4)). Let w be (0/4)/(-3) + f + 6. Suppose 0 = 2*v - d - w*d - 70, d = 5*v - 139. What is the remainder when 92 is divided by v?
11
Let t(m) = -24*m + 58. Let g = -291 - -464. Calculate the remainder when g is divided by t(0).
57
Suppose 0 = 4*b - 3*p + 41 - 14, -5*p + 5 = 0. What is the remainder when 8 is divided by -5*(5 + b)*1?
3
Suppose -31057 = 209*a - 222*a. Calculate the remainder when a is divided by 104.
101
Suppose 3609*u = 5*x + 3606*u - 324, 2*x - 2*u = 136. Suppose 4*h + 3*f - 200 = -f, h - 2*f - 47 = 0. Calculate the remainder when x is divided by h.
11
What is the remainder when 204 is divided by 4/34 - ((-64)/34 - 21)?
20
Let i = -182 - -207. Suppose -3*a + 44 = m, -12*a = -7*a - i. What is the remainder when 41 is divided by m?
12
Let n(i) = -i**3 + 14*i**2 - 9*i - 17. Suppose 5*m - 65 = -5*j, j + j = 0. Calculate the remainder when 103 is divided by n(m).
33
Suppose -4603 = -3*k - a, 30*a = 34*a - 4. Suppose 13*d - k + 533 = 0. What is the remainder when d is divided by 16?
13
What is the remainder when 523 is divided by 14/(-12) - 7540/(-312)?
17
Suppose -12*q + 1120 = -19*q. Let l(y) = 10*y - 17. Calculate the remainder when l(8) is divided by (-2)/6 + q/(-12).
11
Let z = 5 + -1. Suppose -h - 692 = -z*b - 0*h, -2*b = 5*h - 324. Suppose -2*f + 312 = 224. Calculate the remainder when b is divided by f.
40
Let j = 11176 + -10768. What is the remainder when 830 is divided by j?
14
Let h be (-2)/20 + (-369)/(-90). Suppose -272 = -5*p - 2*n, 6*p - 104 = 4*p + h*n. Calculate the remainder when p is divided by 8.
6
Suppose -68 - 31 = 33*a. Let d(t) = t + 55. What is the remainder when 309 is divided by d(a)?
49
Suppose v - 20 = -4*l, 0 = -20*l + 24*l - 16. Suppose 523 = 5*q + v*s, -212 = -6*q + 4*q - 3*s. What is the remainder when 512 is divided by q?
100
Let z(l) be the first derivative of 1/3*l**3 + 17 - 5*l + l**2. What is the remainder when 38 is divided by z(3)?
8
Suppose 0 = 32*l + 303 - 975. Suppose 0 = -l*n + 92 - 8. Let k = 85 + -56. What is the remainder when k is divided by n?
1
Suppose -a + 5*b = -95, -76*a - 447 = -81*a - 3*b. What is the remainder when a is divided by 9?
0
Let h = 25008 - 24780. Calculate the remainder when 578 is divided by h.
122
Calculate the remainder when 5097 is divided by (-24839)/(-354) + 13/(-6).
65
Suppose 4032 = 61*j + 11*j. What is the remainder when 104 is divided by j?
48
Let g(h) = 4*h - 11. Let q be g(22). Suppose 11 = 2*j - q. What is the remainder when j is divided by 31?
13
Suppose 1151*s - 1153*s = 3*c - 1854, 5*c = 2*s - 1822. Calculate the remainder when s is divided by 31.
22
Let w(h) be the second derivative of h**4/6 + 14*h**3/3 + 17*h**2 - 78*h. What is the remainder when w(-23) is divided by 30?
28
Let j(h) = -2*h**3 - 58*h**2 - 440*h + 3. Calculate the remainder when j(-18) is divided by 107.
46
Suppose 8*w + 48 = 6*w. Let c = -16 - w. Let g = 45 - 17. Calculate the remainder when g is divided by c.
4
Let q be (-6)/21 + 876/(-21). Let h = 42 + q. Suppose h = -38*b + 42*b - 152. Calculate the remainder when b is divided by 10.
8
Suppose -3*y - 600*a + 603*a = -87, 2*a - 50 = -2*y. Calculate the remainder when 372 is divided by y.
21
Let k = 264 - 257. Suppose -k*s + 0*s + 133 = 0. What is the remainder when 150 is divided by s?
17
Let l be 2/4*(2 - -22). Suppose -4*k = -4*s - 4 - l, -4*k = 2*s - 22. Let w(n) = -n + 33. What is the remainder when k is divided by w(28)?
0
Calculate the remainder when 6757 is divided by (-4)/6 - (895/(-15) + 19).
37
Suppose 4*i = 327 + 1093. Let d = i + -250. What is the remainder when d is divided by 11?
6
Suppose -38*b + 16*b + 12716 = 46*b. Calculate the remainder when b is divided by 80.
27
Let v(i) = -i**3 + 8*i**2 + 9*i - 50. Let u be v(8). Suppose 19*p + u*p = 4592. Calculate the remainder when p is divided by 53.
6
Let u = -416 + -56. Let n = u + 502. Calculate the remainder when 206 is divided by n.
26
Let v = -49 - -79. Suppose r = 5*h + 219, r + 120*h - 147 = 116*h. Calculate the remainder when r is divided by v.
29
Let h(u) = 7*u**3 + 5*u**2 + 7*u + 26. Calculate the remainder when h(5) is divided by 76.
73
Let q(m) = 53*m + 258. Calculate the remainder when q(58) is divided by 23.
20
Calculate the remainder when (12 - 2) + (-36078)/(-28) + (-2)/4 is divided by 17.
6
Let n = 178 + -180. What is the remainder when 93 is divided by 12529/255 - n/(-15)?
44
Suppose -2*q = 4*o - 4*q - 118, -4*o - 5*q = -125. Suppose 2*p + 539*s - 541*s = 148, 4*p - 5*s = 313. Calculate the remainder when p is divided by o.
27
Suppose 3*j + z = 36, -24 = -4*j + 2*z + 14. Suppose 21 = -8*o + 5*o. What is the 